m. List the prime factors of m.
2, 17, 523
Let z(d) = -9*d + 138. Let k be z(15). Suppose k*j + q - 2319 = 1153, -4 = -4*q. What are the prime factors of j?
13, 89
Let t = -18193 - -51146. What are the prime factors of t?
31, 1063
Suppose b - y = -57, -3*y = -2*b + y - 106. Let h = b - -179. What are the prime factors of 3*h*3/18?
59
Suppose -2*k + a = 713 + 152, 0 = 2*k - 4*a + 850. Let g = -170 - k. List the prime factors of g.
5, 53
Suppose 2*l = 10, t = -2*t + l + 1051. Let h = -149 + t. What are the prime factors of h?
7, 29
Suppose -18*v = -6157 - 575. Let h = -20 + v. What are the prime factors of h?
2, 3, 59
Let z be 1/(-3)*(-72)/8. Suppose 763 = z*p - 566. What are the prime factors of p?
443
Suppose 32 = 4*w - 2*w + 5*r, 0 = 5*r - 10. Suppose w = 6*j - 13. Suppose 4*x + 14 = s, -119 = -j*s - 7*x + 2*x. List the prime factors of s.
2, 13
Let g(w) = 13*w - 352. List the prime factors of g(37).
3, 43
Suppose 0 = -l + 1 + 3, -o - 4*l = -64. Let w = -464 - o. Let q = -217 - w. List the prime factors of q.
5, 59
Let y(f) = -f**2 - 12*f - 21. Let l be y(-10). List the prime factors of (3404/(-138))/((-122)/(-126) + l).
3, 7, 37
Suppose 3*n = 120 - 159. Let l(j) = 3 + 6*j + 10 - j**2 + 12 - 29*j. List the prime factors of l(n).
5, 31
Let o(u) = 185*u**2 + 10*u - 3. Let x be o(2). Suppose -x*d = -766*d + 7686. What are the prime factors of d?
2, 7, 61
Suppose -33*d + 31*d = -10. Suppose 2*s = d*q - 439, 14*s - 95 = -q + 12*s. List the prime factors of q.
89
Let q = -43 - -44. Suppose -4*z + k + 13 = 4, z = -k + q. Suppose z*j - 210 - 38 = 0. List the prime factors of j.
2, 31
Suppose 7*r - 45 = 12*r. Let p(j) = 4*j**2 + 36*j. Let v be p(r). What are the prime factors of (v - 3)/(415/(-400) - -1)?
2, 5
Suppose 24*n - 26 - 46 = 0. Suppose 3*b - 617 = -q, -q + 5*b + 2434 = n*q. What are the prime factors of q?
13, 47
Let x be (144/10)/(8 + (-2424)/300). Let f(b) = -b**3 - b**2 - b + 1. Let u be f(-7). Let c = u + x. List the prime factors of c.
2, 61
Suppose -y = 2*h - 47, 0 = -2*y + y + 3. Suppose 239 = 3*f - h. Let w = f + 3. What are the prime factors of w?
2, 3, 5
List the prime factors of (-719555)/(-943) + (-4)/82.
7, 109
Suppose -4*d + 1413 = 25*z - 20*z, -6 = 2*z. Let y = -151 - 0. Let m = d + y. List the prime factors of m.
2, 103
Let c(g) = -g**3 - 17*g**2 - 3*g - 47. Let p be c(-17). Suppose 2*i - p*i - 3*w = -472, 4*w - 709 = -3*i. List the prime factors of i.
239
Let j = 412 + -391. What are the prime factors of 759 - 7/(-21)*j?
2, 383
Let t(r) = r**3 - 9*r**2 - 10*r. Let f be t(10). Suppose f = z - 5. Suppose -z*j - 5*b + 355 = 0, -5*j - 2*b - b + 347 = 0. What are the prime factors of j?
67
Suppose 2*m + m + 97 = 2*o, 3*o = -3*m + 138. Let t = 190 - o. Suppose t + 48 = z. What are the prime factors of z?
191
Let i = 63937 + -37014. List the prime factors of i.
13, 19, 109
Suppose 7*l = 9*l - 12. Let k be (((-3)/6)/((-1)/l))/3. What are the prime factors of (k*-44 - 2)/(-1)?
2, 23
Suppose 5*m + 62997 = -3*f + 240768, 5*f = 10. What are the prime factors of m?
3, 7, 1693
Suppose 0 = -2*s + 5*c + 8100, -5*s + 3*c - 4217 = -24429. List the prime factors of (5/2)/(10/s).
2, 5, 101
Let c(q) = -2*q - 27. Let y be c(-21). Suppose 0 = -14*t + 19*t - y. Suppose 2*v - n - 3*n = 240, -t*n = -9. What are the prime factors of v?
2, 3, 7
Let q be (-6672)/3*(7 - 34/4). Suppose -q = -15*l + 12*l. List the prime factors of l.
2, 139
Let i be 110/8 - 14 - 1390/8. Let s = i - -1302. List the prime factors of s.
2, 3, 47
Let j(c) = 2*c**2 - c - 4. Let o be j(2). Suppose -5*m - 5*g + 3795 = 0, -m + 2*g + o = -763. What are the prime factors of m?
761
Suppose -2*o + 5*w = 1, 3*o - 8 = 2*w + 7. Suppose 0 = o*j - 16*j - 2043. Let z = j - -343. List the prime factors of z.
2, 29
Suppose -10*t - 63507 = -325517. What are the prime factors of t?
7, 19, 197
Suppose 18*z - 25*z - 7 = 0. Let l be 2/4*((-2)/z - -6). Suppose 2*t - 8 = 0, r - l*t + 10 = 40. What are the prime factors of r?
2, 23
Let v be 6521*(1/(-3) - (-148)/111). Suppose -7*u + v = 711. What are the prime factors of u?
2, 5, 83
Let w be (15/20)/((1 - 6)/(-140)). Let n(m) = 46*m + 20. List the prime factors of n(w).
2, 17, 29
Let a = 7347 + -4794. Let n = a + -1809. Suppose 3*g + 189 - n = 0. What are the prime factors of g?
5, 37
Suppose -4*r - 4050 = 5*l - 42650, -l = 0. What are the prime factors of r?
2, 5, 193
Let y(h) = -13*h**3 - 10*h**2 - 23*h - 14. List the prime factors of y(-10).
2, 3, 509
What are the prime factors of (20 + (-705)/30)/(1/(-2230))?
5, 7, 223
Let k = 321 + -320. What are the prime factors of (0/1 + k)*789?
3, 263
Suppose -4*q = 2*h - 9*q + 38, 4*q = -2*h - 20. Let u be 2*1*3/(-12)*h. List the prime factors of -53*(1 - (-4 + u)*1).
2, 53
Let n(l) = 533*l - 5466. List the prime factors of n(35).
11, 109
Suppose -67*b = -75*b + 11548 + 65868. List the prime factors of b.
9677
Let k be (-7 - -57 - -6) + 4. Suppose 0 = 56*w - k*w + 512. List the prime factors of w.
2
Let b be 2 - 5 - 0/(0 - -2). What are the prime factors of -1 + 3/b + 71?
3, 23
Let b = -10592 + 17109. Suppose -11*f = -b - 2470. What are the prime factors of f?
19, 43
Suppose -99*p + 102*p - 13281 = -3*a, 5*a + 4*p = 22137. List the prime factors of a.
43, 103
Suppose 10549 = 7*s - 40138. What are the prime factors of s?
13, 557
Let k(t) = t**2 + 10*t + 10. Let r be k(-6). Let b = 56 - r. Suppose 0 = -i + 11 + b. List the prime factors of i.
3
Suppose 4*w + 1000 - 916 = 0. List the prime factors of ((-8240)/140)/(2/w).
2, 3, 103
Let z be (-13)/(-5) - 2 - 212/(-5). Suppose 86 = j - z. Suppose -3*l = -6*l - 5*m + j, -4*l = 5*m - 177. What are the prime factors of l?
2, 3
Let s(p) = 86*p**2 + 33*p + 282. What are the prime factors of s(-11)?
5, 7, 59
Let d(g) = g**3 + 15*g**2 - 7*g - 113. Let j be d(-14). Let x = j + 218. List the prime factors of x.
3, 7, 19
Suppose -x + 3*x = 3*g - 31, -5*g - 4*x + 59 = 0. Suppose -5*i - g*o + 7*o + 4997 = 0, 4*i - 2*o - 4008 = 0. What are the prime factors of i?
7, 11, 13
What are the prime factors of -2*((-403216)/32 - -1)?
113, 223
Let q be 2 + ((1 + 11)/2 - 6). Suppose -875 = -5*j - q*j. List the prime factors of j.
5
Let z be ((-34)/4)/(917/(-154) - -6). Let l = z + 232. List the prime factors of l.
3, 5
Let j be ((-14)/(-49) - (-1111)/7) + -2. Let z = j + -65. What are the prime factors of z?
2, 23
Let z = 3966 - -6017. List the prime factors of z.
67, 149
Let m = -21 + 17. Let i(t) = -167*t - 19. Let n be i(m). Suppose 0 = -5*w - 3*b + n, -3*w + 2*b = -2*w - 122. List the prime factors of w.
2
What are the prime factors of 12733 + 149 - 4*2?
2, 41, 157
Suppose -2*l - 19769 = -3*s, 2*s - 5*s - l = -19766. Suppose -11*r = -4917 - s. List the prime factors of r.
2, 523
Suppose 0 = 3*u - 558 - 1317. Let h = u - 186. What are the prime factors of h?
439
Let a be ((-8)/10)/((-24)/9840). Suppose -13760 = -a*q + 320*q. List the prime factors of q.
2, 5, 43
Suppose -4*u = 3*j - 0*u - 17, -3 = -2*j - u. Let b(c) = -3*c**3 + 1. Let m be b(j). Let k = m - -15. What are the prime factors of k?
19
Suppose t - b = -13, 33 = -5*t - 2*b - 53. Let p(k) = -845 + 1731 + 2*k**2 + 32*k - 863. What are the prime factors of p(t)?
23
Let q be (-1 - (-94)/18) + (-6)/27. Suppose -4*y = -i - y - 4, -4*y - 16 = q*i. Let b = 77 + i. What are the prime factors of b?
73
Let j(k) = 37*k**2 - 10*k + 3. Let o = -70 - -73. Suppose -o*u - 2 = -8. What are the prime factors of j(u)?
131
Let g be (0 - 4)*1/(-2). Suppose g*y - 728 = -6*y. Suppose 3*v - y - 89 = 0. What are the prime factors of v?
2, 3, 5
Suppose -2*a = -4, -4*z - 4*a - 97 + 1917 = 0. Suppose 4*o + z = 4*k - 1499, -5*k + 2404 = 4*o. What are the prime factors of k?
2, 11
Let y = -97 + 101. Suppose -n - o = 2*n - 2610, y*o - 870 = -n. Suppose -k = -4*q + k + n, -3*k = -3. List the prime factors of q.
2, 109
Let k(n) = -13456*n + 34. What are the prime factors of k(-1)?
2, 5, 19, 71
Suppose -48*g + 54*g = 0. Suppose 3*c - 1698 = 4*z, g = 3*c + 3*z - 1140 - 537. List the prime factors of c.
2, 281
Let m(f) = 2*f + 30. Let b be m(-9). Suppose b = -10*g + 13*g. Suppose -4*t - g*k + 259 + 205 = 0, -3*k - 96 = -t. What are the prime factors of t?
3, 37
Suppose -2*v = -3*a + 8*a - 24, 4*a = -5*v + 26. Suppose -3*u + a*g = -1743, -7*g + 4*g - 9 =